{"id":377,"date":"2015-03-01T18:50:40","date_gmt":"2015-03-01T16:50:40","guid":{"rendered":"http:\/\/demo.cmssuperheroes.com\/themeforest\/wp-spectrum-joinery\/?page_id=377"},"modified":"2026-02-18T15:01:32","modified_gmt":"2026-02-18T12:01:32","slug":"kitchens","status":"publish","type":"page","link":"http:\/\/www.karsliyapi.com\/index.php\/kitchens\/","title":{"rendered":"Projeler"},"content":{"rendered":"\t\t<div data-elementor-type=\"wp-page\" data-elementor-id=\"377\" class=\"elementor elementor-377\">\n\t\t\t\t<div class=\"elementor-element elementor-element-acc9100 e-flex e-con-boxed e-con e-parent\" data-id=\"acc9100\" data-element_type=\"container\">\n\t\t\t\t\t<div class=\"e-con-inner\">\n\t\t\t\t<div class=\"elementor-element elementor-element-0d3a049 elementor-widget elementor-widget-heading\" data-id=\"0d3a049\" data-element_type=\"widget\" data-widget_type=\"heading.default\">\n\t\t\t\t\t<h2 class=\"elementor-heading-title elementor-size-default\">TAMAMLANAN VE DEVAM EDEN PROJERLER\u0130M\u0130Z<\/h2>\t\t\t\t<\/div>\n\t\t\t\t\t<\/div>\n\t\t\t\t<\/div>\n\t\t<div class=\"elementor-element elementor-element-a0b722b e-flex e-con-boxed e-con e-parent\" data-id=\"a0b722b\" data-element_type=\"container\">\n\t\t\t\t\t<div class=\"e-con-inner\">\n\t\t\t\t<div class=\"elementor-element elementor-element-fb5e45e elementor-widget elementor-widget-text-editor\" data-id=\"fb5e45e\" data-element_type=\"widget\" data-widget_type=\"text-editor.default\">\n\t\t\t\t\t\t\t\t\t<p>Gaziantep\u2019te bir \u00e7ok b\u00f6lgede tamamlanm\u0131\u015f projelerimiz vard\u0131r ve yeni projelerimizin yap\u0131m\u0131na devam etmekteyiz\u2026<\/p>\t\t\t\t\t\t\t\t<\/div>\n\t\t\t\t\t<\/div>\n\t\t\t\t<\/div>\n\t\t<div class=\"elementor-element elementor-element-1ed05e8 e-flex e-con-boxed e-con e-parent\" data-id=\"1ed05e8\" data-element_type=\"container\">\n\t\t\t\t\t<div class=\"e-con-inner\">\n\t\t\t\t<div class=\"elementor-element elementor-element-dbcde7c elementor-widget elementor-widget-image\" data-id=\"dbcde7c\" data-element_type=\"widget\" data-widget_type=\"image.default\">\n\t\t\t\t\t\t\t\t\t\t\t\t\t\t\t<img decoding=\"async\" width=\"669\" height=\"74\" src=\"http:\/\/www.karsliyapi.com\/wp-content\/uploads\/2017\/06\/logo-1024x114.png\" class=\"attachment-large size-large wp-image-1986\" alt=\"\" srcset=\"http:\/\/www.karsliyapi.com\/wp-content\/uploads\/2017\/06\/logo-1024x114.png 1024w, http:\/\/www.karsliyapi.com\/wp-content\/uploads\/2017\/06\/logo-300x33.png 300w, http:\/\/www.karsliyapi.com\/wp-content\/uploads\/2017\/06\/logo-768x86.png 768w\" sizes=\"(max-width: 669px) 100vw, 669px\" \/>\t\t\t\t\t\t\t\t\t\t\t\t\t\t\t<\/div>\n\t\t\t\t\t<\/div>\n\t\t\t\t<\/div>\n\t\t\t\t<\/div>\n\t\t","protected":false},"excerpt":{"rendered":"<p>TAMAMLANAN VE DEVAM EDEN PROJERLER\u0130M\u0130Z Gaziantep\u2019te bir \u00e7ok b\u00f6lgede tamamlanm\u0131\u015f projelerimiz vard\u0131r ve yeni projelerimizin yap\u0131m\u0131na devam etmekteyiz\u2026<\/p>\n","protected":false},"author":1,"featured_media":0,"parent":0,"menu_order":0,"comment_status":"open","ping_status":"closed","template":"","meta":{"footnotes":""},"class_list":["post-377","page","type-page","status-publish","hentry"],"_links":{"self":[{"href":"http:\/\/www.karsliyapi.com\/index.php\/wp-json\/wp\/v2\/pages\/377","targetHints":{"allow":["GET"]}}],"collection":[{"href":"http:\/\/www.karsliyapi.com\/index.php\/wp-json\/wp\/v2\/pages"}],"about":[{"href":"http:\/\/www.karsliyapi.com\/index.php\/wp-json\/wp\/v2\/types\/page"}],"author":[{"embeddable":true,"href":"http:\/\/www.karsliyapi.com\/index.php\/wp-json\/wp\/v2\/users\/1"}],"replies":[{"embeddable":true,"href":"http:\/\/www.karsliyapi.com\/index.php\/wp-json\/wp\/v2\/comments?post=377"}],"version-history":[{"count":12,"href":"http:\/\/www.karsliyapi.com\/index.php\/wp-json\/wp\/v2\/pages\/377\/revisions"}],"predecessor-version":[{"id":2162,"href":"http:\/\/www.karsliyapi.com\/index.php\/wp-json\/wp\/v2\/pages\/377\/revisions\/2162"}],"wp:attachment":[{"href":"http:\/\/www.karsliyapi.com\/index.php\/wp-json\/wp\/v2\/media?parent=377"}],"curies":[{"name":"wp","href":"https:\/\/api.w.org\/{rel}","templated":true}]}}