{"id":344,"date":"2015-02-28T21:07:23","date_gmt":"2015-02-28T19:07:23","guid":{"rendered":"http:\/\/demo.cmssuperheroes.com\/themeforest\/wp-spectrum-joinery\/?page_id=344"},"modified":"2017-12-13T12:42:34","modified_gmt":"2017-12-13T10:42:34","slug":"344-2","status":"publish","type":"page","link":"http:\/\/www.karsliyapi.com\/index.php\/344-2\/","title":{"rendered":"Hakk\u0131m\u0131zda"},"content":{"rendered":"<p>[vc_row full_width=&#8221;false&#8221; css=&#8221;.vc_custom_1424342420609{padding-bottom: 90px !important;}&#8221; height_engle=&#8221;60px&#8221; engle_border_width=&#8221;0&#8243; engle_uplicated_height=&#8221;60px&#8221; engle_duplicated_border_width=&#8221;0&#8243; height_engle_style2=&#8221;60px&#8221; engle_duplicated_height_style2=&#8221;60px&#8221; parallax_speed=&#8221;0.8&#8243; bg_video_transparent=&#8221;0&#8243; lax_layer1_align=&#8221;lax_left_top&#8221; lax_layer2_align=&#8221;lax_left_top&#8221; lax_layer3_align=&#8221;lax_left_top&#8221; lax_layer4_align=&#8221;lax_left_top&#8221; lax_layer5_align=&#8221;lax_left_top&#8221; lax_layer6_align=&#8221;lax_left_top&#8221; lax_layer7_align=&#8221;lax_left_top&#8221; lax_layer8_align=&#8221;lax_left_top&#8221;][vc_column width=&#8221;1\/2&#8243; css=&#8221;.vc_custom_1424341462182{padding-right: 20px !important;}&#8221;][vc_custom_heading text=&#8221;HAKKIMIZDA&#8221; font_container=&#8221;tag:h2|font_size:22px|text_align:left|color:%23222222|line_height:26px&#8221; google_fonts=&#8221;font_family:Open%20Sans%3A300%2C300italic%2Cregular%2Citalic%2C600%2C600italic%2C700%2C700italic%2C800%2C800italic|font_style:700%20bold%20regular%3A700%3Anormal&#8221;][vc_separator color=&#8221;custom&#8221; align=&#8221;left&#8221; border_width=&#8221;4&#8243; el_width=&#8221;50&#8243; separator_arrow=&#8221;no&#8221; separator_arrow_type=&#8221;border&#8221; arrow_width=&#8221;12&#8243; custom_sparator_width=&#8221;75px&#8221; accent_color=&#8221;#ffcb07&#8243;][vc_empty_space height=&#8221;30px&#8221;][vc_column_text]Karsl\u0131 Yap\u0131, 2000 y\u0131l\u0131nda \u0130n\u015f.M\u00fch. \u0130.Sak\u0131p Emre Karsl\u0131 taraf\u0131ndan kurulmu\u015ftur. \u0130n\u015faat sekt\u00f6r\u00fcnde bug\u00fcne kadar farkl\u0131 gereksinimler do\u011frultusunda bir\u00e7ok yap\u0131 in\u015faat\u0131n\u0131n ger\u00e7ekle\u015fmesini sa\u011flam\u0131\u015ft\u0131r.\u00a0 Bunlarla beraber, in\u015faat malzemeleri sat\u0131\u015f ve uygulamas\u0131 konusunda da uluslararas\u0131 markalarla \u00e7al\u0131\u015farak b\u00f6lge \u00e7ap\u0131nda hizmet vermi\u015ftir. \u015eu anda devam eden ve planlanan projelerle de sizlere kaliteli ve uygun fiyatl\u0131 \u00e7\u00f6z\u00fcmler sunmay\u0131 s\u00fcrd\u00fcrmektedir.[\/vc_column_text][vc_empty_space height=&#8221;27px&#8221;][vc_gallery type=&#8221;image_grid&#8221; images=&#8221;1874,1845,1875,1876,1877,1878&#8243;][\/vc_column][vc_column width=&#8221;1\/2&#8243;][vc_custom_heading text=&#8221;Temel De\u011ferlerimiz&#8221; font_container=&#8221;tag:h2|font_size:22px|text_align:left|color:%23222222|line_height:26px&#8221; google_fonts=&#8221;font_family:Open%20Sans%3A300%2C300italic%2Cregular%2Citalic%2C600%2C600italic%2C700%2C700italic%2C800%2C800italic|font_style:700%20bold%20regular%3A700%3Anormal&#8221;][vc_separator color=&#8221;custom&#8221; align=&#8221;left&#8221; border_width=&#8221;4&#8243; el_width=&#8221;50&#8243; separator_arrow=&#8221;no&#8221; separator_arrow_type=&#8221;border&#8221; arrow_width=&#8221;12&#8243; custom_sparator_width=&#8221;75px&#8221; accent_color=&#8221;#ffcb07&#8243;][vc_empty_space height=&#8221;30px&#8221;][vc_column_text]<\/p>\n<ul>\n<li>Kaliteli ve modern yap\u0131lar,<\/li>\n<li>M\u00fc\u015fteri odakl\u0131 \u00e7\u00f6z\u00fcmler,<\/li>\n<li>\u0130nsan hayat\u0131\u00a0ve \u00e7evreye verilen \u00f6nem,<\/li>\n<li>Etik m\u00fchendislik anlay\u0131\u015f\u0131.<\/li>\n<\/ul>\n<p>[\/vc_column_text][\/vc_column][\/vc_row]<\/p>\n","protected":false},"excerpt":{"rendered":"<p>[vc_row full_width=&#8221;false&#8221; css=&#8221;.vc_custom_1424342420609{padding-bottom: 90px !important;}&#8221; height_engle=&#8221;60px&#8221; engle_border_width=&#8221;0&#8243; engle_uplicated_height=&#8221;60px&#8221; engle_duplicated_border_width=&#8221;0&#8243; height_engle_style2=&#8221;60px&#8221; engle_duplicated_height_style2=&#8221;60px&#8221; parallax_speed=&#8221;0.8&#8243; bg_video_transparent=&#8221;0&#8243; lax_layer1_align=&#8221;lax_left_top&#8221; lax_layer2_align=&#8221;lax_left_top&#8221; lax_layer3_align=&#8221;lax_left_top&#8221; lax_layer4_align=&#8221;lax_left_top&#8221; lax_layer5_align=&#8221;lax_left_top&#8221; lax_layer6_align=&#8221;lax_left_top&#8221; lax_layer7_align=&#8221;lax_left_top&#8221; lax_layer8_align=&#8221;lax_left_top&#8221;][vc_column width=&#8221;1\/2&#8243; css=&#8221;.vc_custom_1424341462182{padding-right: 20px !important;}&#8221;][vc_custom_heading text=&#8221;HAKKIMIZDA&#8221; font_container=&#8221;tag:h2|font_size:22px|text_align:left|color:%23222222|line_height:26px&#8221; google_fonts=&#8221;font_family:Open%20Sans%3A300%2C300italic%2Cregular%2Citalic%2C600%2C600italic%2C700%2C700italic%2C800%2C800italic|font_style:700%20bold%20regular%3A700%3Anormal&#8221;][vc_separator color=&#8221;custom&#8221; align=&#8221;left&#8221; border_width=&#8221;4&#8243; el_width=&#8221;50&#8243; separator_arrow=&#8221;no&#8221; separator_arrow_type=&#8221;border&#8221; arrow_width=&#8221;12&#8243; custom_sparator_width=&#8221;75px&#8221; accent_color=&#8221;#ffcb07&#8243;][vc_empty_space height=&#8221;30px&#8221;][vc_column_text]Karsl\u0131 Yap\u0131, 2000 y\u0131l\u0131nda \u0130n\u015f.M\u00fch. \u0130.Sak\u0131p Emre Karsl\u0131 taraf\u0131ndan kurulmu\u015ftur. \u0130n\u015faat sekt\u00f6r\u00fcnde bug\u00fcne kadar farkl\u0131 gereksinimler do\u011frultusunda bir\u00e7ok [&hellip;]<\/p>\n","protected":false},"author":1,"featured_media":0,"parent":0,"menu_order":0,"comment_status":"open","ping_status":"closed","template":"","meta":{"footnotes":""},"class_list":["post-344","page","type-page","status-publish","hentry"],"_links":{"self":[{"href":"http:\/\/www.karsliyapi.com\/index.php\/wp-json\/wp\/v2\/pages\/344","targetHints":{"allow":["GET"]}}],"collection":[{"href":"http:\/\/www.karsliyapi.com\/index.php\/wp-json\/wp\/v2\/pages"}],"about":[{"href":"http:\/\/www.karsliyapi.com\/index.php\/wp-json\/wp\/v2\/types\/page"}],"author":[{"embeddable":true,"href":"http:\/\/www.karsliyapi.com\/index.php\/wp-json\/wp\/v2\/users\/1"}],"replies":[{"embeddable":true,"href":"http:\/\/www.karsliyapi.com\/index.php\/wp-json\/wp\/v2\/comments?post=344"}],"version-history":[{"count":16,"href":"http:\/\/www.karsliyapi.com\/index.php\/wp-json\/wp\/v2\/pages\/344\/revisions"}],"predecessor-version":[{"id":2019,"href":"http:\/\/www.karsliyapi.com\/index.php\/wp-json\/wp\/v2\/pages\/344\/revisions\/2019"}],"wp:attachment":[{"href":"http:\/\/www.karsliyapi.com\/index.php\/wp-json\/wp\/v2\/media?parent=344"}],"curies":[{"name":"wp","href":"https:\/\/api.w.org\/{rel}","templated":true}]}}